 -b = r*k - 269, -5*b + 0*k = -2*k - 1413. Suppose -5*z + 774 = -b. Is z a composite number?
False
Let t(i) = i**3 - 11*i + 751. Is t(0) prime?
True
Is (-4 - -9)*16/(-20) + 31681 composite?
True
Suppose -2*l - 3*n = -62, -l + 31 = -0*l + 4*n. Is l/(-2)*(-7 - 3) prime?
False
Suppose -12 = -5*z - 2. Suppose 2*n + 0 = -z. Is (0 + n)/((-1)/161) composite?
True
Let p(h) = 16*h + 10. Let n(z) = -z + 1. Let v(w) = -5*n(w) + p(w). Is v(10) composite?
True
Suppose 1702 = j - 5*v, 3*v + 0*v + 6 = 0. Let n be 2/(-10) + j/60. Is (-1 - n/(-8))*10 composite?
True
Let b be (0 - -1) + (9 - 2). Suppose k - b*k + 679 = 0. Is k a composite number?
False
Suppose 0 = -4*f - 2*w + 99476, 4*w = f - 24718 - 151. Is f prime?
False
Suppose 3*z - 72 - 15 = 0. Let q = z - -86. Is q a composite number?
True
Suppose 14*o + 1416 = 26*o. Is o a prime number?
False
Suppose -30221 = -4*i + 3*y, -4*i + 4*y + 36997 = 6781. Is i prime?
True
Suppose 11*q = 5*q + 36. Let y(m) = m**2 - 3 + m**3 - 1 - 6*m - 3. Is y(q) a prime number?
False
Let l be -1 + -1 + -1 - -958. Is l/(-10)*(-7 - -1) prime?
False
Let w = 8 - 2. Suppose -21 + w = -5*z. Suppose -j + 241 = b - z*b, -994 = -4*j + 2*b. Is j composite?
False
Suppose -3*g - 2*g = 15, 309 = 4*t - 3*g. Is 59310/t - (-1)/5 prime?
False
Suppose 0*w - 2*w + 10 = 0, 3*l = -2*w + 7621. Is l a prime number?
False
Let h be 2 - (-287 + (-9)/(-3)). Let f be (-1)/(-2) - h/(-4). Is (3 + f - -2) + 0 a composite number?
True
Let w = 92335 - 19324. Is w composite?
True
Let z(a) = a**3 - 11*a**2 - 13*a + 13. Let y = 39 + -27. Let h be z(y). Is (h/4)/(1/2188) a prime number?
True
Suppose 5*o + 33254 = 3*i, -o = 2*i - 677 - 21514. Is i a prime number?
True
Let a(i) = -21*i + 331. Is a(-10) a composite number?
False
Let g = -6364 + 16607. Is g a prime number?
True
Suppose p + 3 - 2 = 2*f, -4*f = p - 11. Suppose p*b = 5*b - 10. Suppose b*g = v + 2378 + 5509, 3*g - v - 4733 = 0. Is g composite?
True
Suppose -10 = -3*o + 4*o. Let n = o + 16. Is ((-21)/n - -3)*-692 composite?
True
Let t(m) = 905*m + 21. Is t(22) a prime number?
False
Suppose -9*w = 19795 - 63274. Is w a prime number?
True
Is 2/(-5)*45/(-18) - -24754 a prime number?
False
Suppose 6*u - 2*u = -4*y + 9644, -y = -5*u - 2387. Is y a composite number?
True
Let c = -18885 - -35186. Is c a prime number?
True
Let s(c) = 60*c**3 - 4*c**2 - 18*c + 21. Is s(8) a prime number?
True
Let d(t) = 1276*t**2 + 45*t + 282. Is d(-5) composite?
False
Let o = -93 + 98. Suppose 0 = -g + 3*b + 3414 + 901, o*g - 21615 = 5*b. Is g a prime number?
True
Let a(m) be the third derivative of m**7/280 + m**6/180 + m**5/40 - m**4/8 + m**3/3 + 5*m**2. Let h(b) be the first derivative of a(b). Is h(2) composite?
True
Suppose 1829 - 354 = -5*x. Let y = 576 - x. Suppose y - 118 = 3*a. Is a a prime number?
True
Suppose b + 4*a - 7731 = 0, -76*b + 77*b + 3*a = 7735. Is b prime?
False
Suppose 2*p - 7 = -1. Suppose -1497 = p*d - 6*d. Is d composite?
False
Is 9*(-2)/(-18)*1481 a composite number?
False
Let f = 27317 + -16120. Is f composite?
False
Let g be 2/(-11) - 6555/(-55). Suppose -5*c + g = -4*c - 5*d, 5*d - 163 = -2*c. Is c prime?
False
Suppose 0 = 5*k + 4*t - 1695, 4*t = 3*k + 290 - 1275. Is k prime?
False
Let a = -2 - -8. Let x be 0/1*3/a. Suppose -3*s = 3*i - 265 - 194, -s + 5*i + 177 = x. Is s composite?
False
Let z(j) = -97*j - 34. Let s(q) = 145*q + 51. Let k(f) = 5*s(f) + 7*z(f). Is k(6) a prime number?
True
Is (-2)/3 - 6065570/(-210) a composite number?
True
Suppose -4*o - 237*n + 234*n + 205240 = 0, -256515 = -5*o + 5*n. Is o a composite number?
False
Let y(v) = 15*v - 31. Let m be y(16). Let w = 90 + m. Is w composite?
True
Let o(i) = 4 + 19*i + 9*i + 10*i - 3*i. Let a be o(-2). Let l = 40 - a. Is l a prime number?
False
Let h(c) be the second derivative of 121*c**3/6 + 5*c**2 + c. Suppose -4*g = -2*a - 29 + 39, -4 = -2*a - 2*g. Is h(a) composite?
False
Is (-16)/10 + (-29726487)/(-245) a composite number?
True
Let o = 708 + 2543. Is o a prime number?
True
Let x(z) = z + 10. Suppose 3*v + 33 = -8*f + 3*f, -f - 4*v - 10 = 0. Let p be x(f). Suppose -4422 = -2*c - p*c. Is c composite?
True
Let u(h) = -h**3 - 54*h**2 - 18*h + 121. Is u(-58) a prime number?
True
Let b(a) = -13*a**3 - a**2 - 4*a + 23. Let j(s) = 3*s + 21. Let m be j(-9). Is b(m) composite?
False
Let f = -5 + 8. Suppose -5*y = 2*w - 6, -5*w = -f*y + 5*y + 6. Suppose y*l - 125 = 69. Is l a prime number?
True
Let m be 2/(-13) - 164/(-52). Suppose 2*v = -3*d - m*v - 105, d - 2*v + 24 = 0. Is (-1)/(-6) - 9565/d prime?
False
Let m(o) = 41*o + 48. Is m(25) prime?
False
Let b = 192 + -136. Let s(h) = h**2 + 10*h + 20. Let c be s(-8). Is 0 + b + (-4)/c a composite number?
True
Suppose 0 = 2*z - 10*z + 27624. Is z prime?
False
Let b(p) = -p**3 + 10*p**2 - 1. Let i be b(10). Is 2 + 126 - (-2 + i) prime?
True
Let j(a) = 2*a - 14. Let u be j(11). Let q be 17/4 - 2/u. Suppose -q*w + 547 = 3*b, -432 = -2*w - w + 5*b. Is w composite?
False
Let u(z) = 3*z**2 - 13*z + 15. Let j = -62 - -55. Is u(j) prime?
False
Let h be (1 - 11)*(-9)/15. Let d = -4 + h. Suppose 131 + 47 = d*k. Is k composite?
False
Let i(k) = 132*k + 131. Is i(15) a composite number?
False
Let z(q) = q**3 + 9*q**2 - 2. Let l be z(-9). Suppose r = -2*r - 2*g, 5*g = -5*r. Is l/(-2 + r) + 142 prime?
False
Let r = 10 + 5. Suppose -u + 3*h = 2*u - r, 3*u - 9 = 5*h. Is (-1 - -3) + 520/u composite?
False
Suppose -3 = -i + 1, 5*i + 6481 = 3*o. Is o composite?
True
Let b = 10 - 8. Suppose -3 + 11 = -b*j. Is (-334)/(-6)*(-12)/j prime?
True
Let f(x) = -2*x**3 + 10*x**2 - x - 36. Is f(-7) prime?
False
Let h be 2 + -1*(-2 + -1). Suppose -h*u + 5*b = -10, -11 = -2*u - 6*b + b. Is 308/12*u + 0 a prime number?
False
Suppose -4*g + 3*z = -22556, -2*z + 22556 = 4*g + z. Is g composite?
False
Let q(w) = -3*w - 12. Let a be q(6). Let d = a - -68. Is 104/(-4)*d/(-4) a prime number?
False
Let x(t) = 11*t**3 + 2*t + 14. Is x(5) prime?
True
Let l(h) = h**2 + h - 9. Let o be l(-5). Let y(q) = 2*q**3 - 12*q**2 - 13*q - 6. Is y(o) prime?
True
Let x(q) = q**3 - 25*q**2 + 45*q + 18. Let u be x(23). Is 1267 + u/(10/(-8)) a prime number?
False
Suppose -153 = -6*r - 57. Suppose 5*y + d - 7 = r, 4*y = 3*d + 26. Suppose -o = -6*a + a - 13, -4*o + 112 = -y*a. Is o composite?
True
Let t = -5523 - -11442. Is t prime?
False
Suppose -2*q = -74 + 2. Suppose 2*y - 3*p = -18, 2*p = -4*y - 3*p - q. Let l(o) = -8*o - 13. Is l(y) prime?
True
Suppose -h - 5*p - 395 = 0, 0 = 5*h + 13*p - 10*p + 1909. Suppose -5*v + 0*v + 2705 = 0. Let c = h + v. Is c prime?
False
Let l = 32 + -29. Suppose 0 = -0*j + 5*j + 2*r - 8777, 2*j + l*r - 3502 = 0. Is j prime?
False
Is 4*14521 - 0 - (-43 + 48) a composite number?
True
Let v(j) = 1826*j**2 + 3*j. Suppose -4 = 4*x, -2*l - 5*x = -0*x + 3. Is v(l) prime?
False
Suppose -15*r + 44196 = 14376. Suppose 0 = -4*v + r + 2888. Is v prime?
False
Let z = -631 - -1146. Is z a composite number?
True
Let u be 57/4 + (-12)/(-16). Is 2280/9 - (-10)/u a composite number?
True
Suppose -16662 = 25*c - 31*c. Is c composite?
False
Let v(b) = 4*b**3 - 3*b**2 + 10*b - 7. Let s be v(6). Suppose -o + 252 = -s. Is o prime?
True
Let k = -3577 - -6410. Is k composite?
False
Let y(x) = -5*x + 9 + 4*x**2 - 8 + 10*x**3 + 6. Is y(4) prime?
True
Suppose 13 = -x - 24. Let i = x - -452. Suppose 8*n = i - 119. Is n composite?
False
Let g(z) = 42*z**2 + z - 2. Suppose 0 = -y - 3*y + 12. Suppose y + 6 = o - 4*n, 15 = -5*n. Is g(o) a composite number?
False
Let n be 3/(10/(-9608)*12/110). Is (n/(-44))/(0 + (-1)/(-2)) a prime number?
True
Let u(o) = -o**2 - 4*o + 2. Let b be (-23)/6 - (-2)/(-12). Let q be u(b). Suppose -t + 2*i + 48 = -369, q*t - 809 = -i. Is t a prime number?
False
Let x(d) = 105*d - 74. Is x(9) a composite number?
True
Let h(v) = -2*v - 7. Let s be h(0). Is 73359/77 + (-2)/s composite?
False
Let f = -7074 - -11152. Is f a composite number?
True
Let s(a) = 3*a**2 + 13*a - 22. Let l(k) = -2*k + 15. Let o be l(15). Is s(o) prime?
False
Let d = -721 + 1764. Is d prime?
False
Let c be 18/(-81) - (-141880)/18. Let y be 2/(-10) - c/(-10). Suppose -j + r = -y, 0 = j - 0*r + 5*r - 782. Is j a prime number?
True
Let m(z) = -15*z - 32. Is m(-11) prime?
False
Suppose 5*x = 8*x - 9. Is (1403 - 4) + 6/x + -2 a composite number?
False
Let w(g) = 6